 is the highest common divisor of 99588 and 22601844?
2316
Calculate the greatest common factor of 114604988 and 1692.
188
Calculate the greatest common divisor of 12439912 and 128.
8
What is the greatest common divisor of 1790726 and 24494?
74
What is the highest common divisor of 212630 and 4070?
110
Calculate the highest common divisor of 24362510 and 473.
43
Calculate the highest common divisor of 221405761 and 501.
167
Calculate the greatest common factor of 27098019 and 468.
117
Calculate the highest common divisor of 19327 and 3182179.
77
Calculate the greatest common divisor of 35670 and 13482390.
870
Calculate the greatest common factor of 1706 and 1601236246.
1706
Calculate the highest common factor of 65433778 and 4354.
622
What is the greatest common factor of 188954955 and 45?
45
What is the greatest common divisor of 24680 and 116120?
40
What is the greatest common divisor of 510 and 14565855?
255
Calculate the highest common factor of 218215 and 572755.
95
What is the highest common factor of 123 and 25571044?
41
What is the greatest common divisor of 864 and 170745504?
96
Calculate the highest common divisor of 494 and 4020094.
26
What is the highest common divisor of 55033454 and 158058?
5854
What is the highest common divisor of 11960 and 334330438?
598
What is the greatest common divisor of 13253 and 47009?
29
What is the highest common divisor of 33153 and 72627?
129
What is the highest common divisor of 4668580 and 7?
7
What is the greatest common factor of 3015 and 5416830?
45
What is the highest common factor of 25199317 and 12207?
4069
Calculate the greatest common divisor of 1426 and 51280510.
62
What is the greatest common factor of 920152 and 184?
8
Calculate the greatest common divisor of 18107 and 943350.
19
What is the greatest common divisor of 686294626 and 7274?
7274
What is the greatest common factor of 102896 and 84584?
872
What is the highest common divisor of 91344 and 210452?
44
Calculate the greatest common factor of 58114845 and 1985.
1985
What is the greatest common divisor of 56626 and 2162?
46
Calculate the highest common factor of 328 and 35786112.
328
What is the greatest common factor of 1832489 and 18441?
683
Calculate the greatest common factor of 41580 and 6006825.
1485
What is the highest common divisor of 159 and 24755187?
159
What is the greatest common divisor of 15849592 and 1020074?
5126
What is the highest common divisor of 212337 and 1395?
9
Calculate the greatest common divisor of 14852 and 826072.
188
What is the highest common factor of 5991 and 235975505?
1997
What is the highest common factor of 2620765 and 4235?
35
What is the greatest common divisor of 37219 and 20839?
91
What is the highest common factor of 1717 and 98060294?
101
Calculate the highest common factor of 10 and 121248700.
10
What is the greatest common factor of 735 and 117027420?
15
What is the highest common factor of 48943608 and 24?
24
What is the highest common divisor of 107456841 and 27?
27
What is the greatest common factor of 1030 and 7246565?
515
Calculate the greatest common divisor of 89558401 and 59.
59
What is the highest common factor of 1920 and 166692?
12
Calculate the highest common divisor of 7086 and 29594679.
3543
Calculate the greatest common factor of 9221 and 634192717.
9221
What is the highest common divisor of 22249 and 34219?
19
What is the highest common factor of 238650 and 13191540?
1290
Calculate the greatest common factor of 35266 and 10360658.
154
Calculate the highest common factor of 50336979 and 609.
21
What is the greatest common divisor of 4626055 and 280?
35
What is the greatest common divisor of 398958 and 10764?
138
Calculate the highest common factor of 91476 and 25333.
77
Calculate the greatest common divisor of 1803 and 27915.
3
Calculate the greatest common divisor of 3135 and 2185230.
15
Calculate the highest common divisor of 11750747 and 3.
1
What is the greatest common factor of 3165903 and 2691?
117
What is the highest common factor of 61977 and 260360?
283
Calculate the highest common divisor of 39139503 and 13.
13
What is the greatest common divisor of 530 and 304445?
5
What is the greatest common divisor of 7 and 23845423?
7
Calculate the greatest common factor of 3507350 and 176.
22
Calculate the highest common factor of 11732 and 50207932.
1676
Calculate the greatest common divisor of 32712640 and 22952.
1208
Calculate the greatest common factor of 2301 and 250455.
177
Calculate the highest common factor of 563240 and 2200.
40
Calculate the greatest common factor of 2852 and 11902636.
124
Calculate the greatest common factor of 277190 and 7915605.
2615
What is the highest common divisor of 1506586 and 34276?
1558
Calculate the highest common divisor of 49768 and 1544.
8
What is the highest common divisor of 17317158 and 279?
93
Calculate the highest common divisor of 4142 and 4345528.
38
What is the greatest common factor of 106091849 and 159?
53
Calculate the greatest common factor of 700 and 1440400.
100
What is the highest common divisor of 11426 and 19633?
29
What is the highest common divisor of 147 and 6524497?
49
Calculate the highest common divisor of 102758288 and 10592.
5296
What is the greatest common factor of 1799 and 239033387?
257
What is the highest common factor of 2963908 and 44757?
4973
What is the highest common divisor of 1575 and 5267619?
63
What is the highest common factor of 36535490 and 2276?
1138
What is the greatest common factor of 61890575 and 5?
5
What is the greatest common factor of 1854 and 3025998?
18
Calculate the highest common factor of 1916 and 656640982.
958
Calculate the highest common divisor of 29586750 and 150.
150
Calculate the greatest common divisor of 2635265 and 25.
5
What is the greatest common divisor of 11232672 and 88?
88
What is the highest common divisor of 5451 and 27326337?
237
Calculate the highest common factor of 12318677 and 91.
7
What is the highest common divisor of 649453 and 14?
7
What is the greatest common divisor of 9 and 200236059?
9
Calculate the greatest common factor of 685370 and 770.
70
What is the highest common factor of 1163844 and 90?
18
What is the greatest common divisor of 2317 and 1324?
331
Calculate the highest common factor of 11576 and 182060.
4
What is the greatest common divisor of 404989632 and 16?
16
What is the highest common factor of 1974557 and 24937?
2267
What is the highest common divisor of 22998552 and 1224?
408
Calculate the greatest common divisor of 4786263 and 81.
27
What is the greatest common factor of 17544452 and 68?
4
Calculate the greatest common divisor of 11156487 and 177.
177
Calculate the highest common factor of 1651052 and 52.
52
Calculate the greatest common divisor of 1281 and 23989.
7
What is the highest common divisor of 259749 and 1215200?
1519
What is the greatest common divisor of 7544664 and 72?
72
Calculate the highest common factor of 2616 and 33020787.
327
Calculate the greatest common factor of 2898 and 142480422.
126
What is the highest common divisor of 3120 and 9642555?
195
What is the greatest common divisor of 66765048 and 147?
147
What is the greatest common factor of 621980 and 276740?
2740
Calculate the greatest common divisor of 14788291 and 9979.
587
Calculate the highest common factor of 72 and 82484184.
24
Calculate the highest common factor of 316228143 and 19503.
6501
Calculate the greatest common factor of 4590 and 380630.
170
Calculate the greatest common divisor of 932116 and 19907.
1171
What is the greatest common divisor of 945 and 6082695?
135
Calculate the highest common divisor of 2528950 and 10936.
2734
Calculate the greatest common divisor of 1729731 and 15.
3
Calculate the highest common factor of 191769028 and 121.
121
What is the greatest common factor of 805 and 14977715?
115
What is the highest common divisor of 132264 and 20677536?
792
What is the highest common divisor of 20547627 and 1359?
453
What is the greatest common factor of 56831832 and 48?
24
What is the highest common factor of 1878 and 74754?
6
What is the greatest common factor of 50739755 and 6765?
2255
What is the greatest common divisor of 327169345 and 34890?
5815
Calculate the highest common factor of 230482476 and 2716.
2716
What is the